{"id":9,"date":"2014-01-13T22:30:34","date_gmt":"2014-01-13T20:30:34","guid":{"rendered":"http:\/\/www.hospizkreis-warstein.de\/wordpress\/?page_id=9"},"modified":"2014-02-09T21:11:24","modified_gmt":"2014-02-09T19:11:24","slug":"hospizbewegung","status":"publish","type":"page","link":"https:\/\/www.hospizkreis-warstein.de\/?page_id=9","title":{"rendered":"Die Hospiz-Idee"},"content":{"rendered":"<p style=\"text-align: left;\"><span style=\"line-height: 1.714285714; font-size: 1rem;\">Hospize waren im Mittelalter Herbergen f\u00fcr Reisende, Pilger und Kranke, in denen ihnen Hilfe, Schutz und Gastfreundschaft geboten wurden.<\/span><\/p>\n<p style=\"text-align: left;\">Die moderne Hospizbewegung ist gepr\u00e4gt durch Frauen wie Cicely Saunders (England) und Elisabeth K\u00fcbler-Ross (Schweiz\/USA), deren Schwerpunkte in der Symptomkontrolle und der Kommunikation mit Sterbenden lagen.<\/p>\n<p style=\"text-align: left;\">Die Gr\u00fcndung des ersten Hospizes im Jahr 1967 in London (St. Christophers), war der Beginn einer weltweiten Bewegung. Denn das St. Christophers Hospiz entwickelte sich im Laufe der Zeit zu einem Bildungs- und Informationszentrum \u00fcber die Kontinente hinweg f\u00fcr \u00c4rzte, Pflegekr\u00e4fte usw. Nach dem Londoner Vorbild entstanden in den Folgejahren weltweit zahlreiche Einrichtungen \u2013 die ersten station\u00e4ren Hospize in Deutschland wurden 1978 in Aachen und Recklinghausen gegr\u00fcndet.<\/p>\n<p style=\"text-align: left;\">Kernst\u00fcck der Hospizarbeit ist die Begleitung, der Beistand sowie die Unterst\u00fctzung schwerstkranker und sterbender Menschen \u2013 unabh\u00e4ngig von Alter, Herkunft, Glaube und Weltanschauung. Dabei wird auf die ganz pers\u00f6nlichen Vorstellungen und Bed\u00fcrfnisse der Betroffenen geachtet. Es ist ferner die Solidarit\u00e4t mit den Angeh\u00f6rigen, vor allem mit den Trauernden, die sich h\u00e4ufig \u00fcbersehen, verlassen, an den Rand gedr\u00e4ngt f\u00fchlen.<\/p>\n<p style=\"text-align: left;\">Wesentliches Element der ambulanten Hospizarbeit ist die Begleitung Sterbender (zu Hause, im Pflegeheim oder im Krankenhaus) durch ehrenamtliche Mitarbeiter\u00a0 &#8211;\u00a0 Frauen und M\u00e4nner aus unterschiedlichen Berufen, Altersgruppen und Konfessionen, die sich intensiv mit den Themen Krankheit, Sterben, Tod und Trauer auseinandergesetzt haben.<\/p>\n<p style=\"text-align: left;\">Noch immer wird das Thema Sterben und Tod verdr\u00e4ngt. Es ist ein Tabu, dem man sich nicht stellen will, vielleicht auch nicht kann, weil es schwierig ist, mit den sich daraus ergebenden \u00c4ngsten umzugehen. Um so mehr ein Grund, den Hospizkreis und seine Arbeit bekannt zu machen, weil vielen Menschen der Bezug dazu und auch die Erfahrung fehlt.<\/p>\n<p><a href=\"http:\/\/www.hospizkreis-warstein.de\/wordpress\/wp-content\/uploads\/2014\/01\/kerzen.jpg\"><img loading=\"lazy\" decoding=\"async\" class=\"size-medium wp-image-51 aligncenter\" alt=\"Kerzen\" src=\"http:\/\/www.hospizkreis-warstein.de\/wordpress\/wp-content\/uploads\/2014\/01\/kerzen-300x199.jpg\" width=\"300\" height=\"199\" srcset=\"https:\/\/www.hospizkreis-warstein.de\/wordpress\/wp-content\/uploads\/2014\/01\/kerzen-300x199.jpg 300w, https:\/\/www.hospizkreis-warstein.de\/wordpress\/wp-content\/uploads\/2014\/01\/kerzen-624x415.jpg 624w, https:\/\/www.hospizkreis-warstein.de\/wordpress\/wp-content\/uploads\/2014\/01\/kerzen.jpg 640w\" sizes=\"auto, (max-width: 300px) 100vw, 300px\" \/><\/a><\/p>\n","protected":false},"excerpt":{"rendered":"<p>Hospize waren im Mittelalter Herbergen f\u00fcr Reisende, Pilger und Kranke, in denen ihnen Hilfe, Schutz und Gastfreundschaft geboten wurden. Die moderne Hospizbewegung ist gepr\u00e4gt durch Frauen wie Cicely Saunders (England) und Elisabeth K\u00fcbler-Ross (Schweiz\/USA), deren Schwerpunkte in der Symptomkontrolle und der Kommunikation mit Sterbenden lagen. Die Gr\u00fcndung des ersten Hospizes im Jahr 1967 in London [&hellip;]<\/p>\n","protected":false},"author":1,"featured_media":0,"parent":0,"menu_order":0,"comment_status":"closed","ping_status":"closed","template":"","meta":{"footnotes":""},"class_list":["post-9","page","type-page","status-publish","hentry"],"_links":{"self":[{"href":"https:\/\/www.hospizkreis-warstein.de\/index.php?rest_route=\/wp\/v2\/pages\/9","targetHints":{"allow":["GET"]}}],"collection":[{"href":"https:\/\/www.hospizkreis-warstein.de\/index.php?rest_route=\/wp\/v2\/pages"}],"about":[{"href":"https:\/\/www.hospizkreis-warstein.de\/index.php?rest_route=\/wp\/v2\/types\/page"}],"author":[{"embeddable":true,"href":"https:\/\/www.hospizkreis-warstein.de\/index.php?rest_route=\/wp\/v2\/users\/1"}],"replies":[{"embeddable":true,"href":"https:\/\/www.hospizkreis-warstein.de\/index.php?rest_route=%2Fwp%2Fv2%2Fcomments&post=9"}],"version-history":[{"count":9,"href":"https:\/\/www.hospizkreis-warstein.de\/index.php?rest_route=\/wp\/v2\/pages\/9\/revisions"}],"predecessor-version":[{"id":177,"href":"https:\/\/www.hospizkreis-warstein.de\/index.php?rest_route=\/wp\/v2\/pages\/9\/revisions\/177"}],"wp:attachment":[{"href":"https:\/\/www.hospizkreis-warstein.de\/index.php?rest_route=%2Fwp%2Fv2%2Fmedia&parent=9"}],"curies":[{"name":"wp","href":"https:\/\/api.w.org\/{rel}","templated":true}]}}